{"id":2,"date":"2019-06-06T07:13:35","date_gmt":"2019-06-06T10:13:35","guid":{"rendered":"http:\/\/www.christianlaplante.ca\/?page_id=2"},"modified":"2022-09-01T15:37:47","modified_gmt":"2022-09-01T18:37:47","slug":"qui-sommes-nous","status":"publish","type":"page","link":"https:\/\/www.depierreetdebeton.ca\/wp001\/qui-sommes-nous\/","title":{"rendered":"\u00c0 propos de moi"},"content":{"rendered":"\n<div class=\"wp-block-image\"><figure class=\"alignright is-resized\"><img decoding=\"async\" loading=\"lazy\" src=\"http:\/\/www.christianlaplante.ca\/wp-content\/uploads\/2019\/08\/Christian-Laplante-redimensionn\u00e9-Copie-1-1024x802.png\" alt=\"\" class=\"wp-image-414\" width=\"242\" height=\"189\" srcset=\"https:\/\/www.depierreetdebeton.ca\/wp001\/wp-content\/uploads\/2019\/08\/Christian-Laplante-redimensionn\u00e9-Copie-1-1024x802.png 1024w, https:\/\/www.depierreetdebeton.ca\/wp001\/wp-content\/uploads\/2019\/08\/Christian-Laplante-redimensionn\u00e9-Copie-1-300x235.png 300w, https:\/\/www.depierreetdebeton.ca\/wp001\/wp-content\/uploads\/2019\/08\/Christian-Laplante-redimensionn\u00e9-Copie-1-768x602.png 768w, https:\/\/www.depierreetdebeton.ca\/wp001\/wp-content\/uploads\/2019\/08\/Christian-Laplante-redimensionn\u00e9-Copie-1-1600x1254.png 1600w\" sizes=\"(max-width: 242px) 100vw, 242px\" \/><\/figure><\/div>\n\n\n\n<p>Pour commencer, je suis tout d&rsquo;abord un professionnel passionn\u00e9 de l&rsquo;immobilier, je suis \u00e0 l&rsquo;\u00e9coute de vos besoins et je saisis tr\u00e8s bien l&rsquo;importance de votre projet.  Je suis l\u00e0 pour vous aider \u00e0 clarifier vos besoins, en faisant par exemple de nouvelles suggestions, autres \u00e0 ce que vous aviez en t\u00eate, qui peuvent r\u00e9pondre tout aussi bien \u00e0 vos besoins.<\/p>\n\n\n\n<p>J&rsquo;ai une excellence\nconnaissance en construction ce qui me permet de bien vous conseiller, <\/p>\n\n\n\n<p>J&rsquo;ai d&rsquo;excellentes aptitudes analytiques ayant \u0153uvr\u00e9 plus de 16 ans dans le domaine de la technologie de l&rsquo;information pour une institution financi\u00e8re la plus connue du Qu\u00e9bec.<\/p>\n\n\n\n<p>Cela dit, je pourrai vous conseiller sur le prix de vente ou d&rsquo;achat en vous produisant une analyse de comparables de propri\u00e9t\u00e9s sur le march\u00e9. <\/p>\n\n\n\n<h3 class=\"wp-block-heading\"><\/h3>\n\n\n\n<p> <\/p>\n\n\n\n<figure class=\"wp-block-gallery alignright has-nested-images columns-default is-cropped wp-block-gallery-1 is-layout-flex\">\n<figure class=\"wp-block-image size-large\"><img decoding=\"async\" loading=\"lazy\" width=\"768\" height=\"1024\" data-id=\"411\"  src=\"http:\/\/www.christianlaplante.ca\/wp-content\/uploads\/2019\/08\/Canva-Black-Framed-Eyeglasses-768x1024.jpg\" alt=\"\" class=\"wp-image-411\" srcset=\"https:\/\/www.depierreetdebeton.ca\/wp001\/wp-content\/uploads\/2019\/08\/Canva-Black-Framed-Eyeglasses-768x1024.jpg 768w, https:\/\/www.depierreetdebeton.ca\/wp001\/wp-content\/uploads\/2019\/08\/Canva-Black-Framed-Eyeglasses-225x300.jpg 225w, https:\/\/www.depierreetdebeton.ca\/wp001\/wp-content\/uploads\/2019\/08\/Canva-Black-Framed-Eyeglasses-1600x2133.jpg 1600w\" sizes=\"(max-width: 768px) 100vw, 768px\" \/><\/figure>\n<\/figure>\n\n\n\n<h3 class=\"wp-block-heading\"><em> <\/em><\/h3>\n\n\n\n<h3 class=\"wp-block-heading\"> <\/h3>\n","protected":false},"excerpt":{"rendered":"<p>Pour commencer, je suis tout d&rsquo;abord un professionnel passionn\u00e9 de l&rsquo;immobilier, je suis \u00e0 l&rsquo;\u00e9coute de vos besoins et je&hellip;<\/p>\n","protected":false},"author":1,"featured_media":0,"parent":0,"menu_order":60,"comment_status":"closed","ping_status":"closed","template":"","meta":[],"_links":{"self":[{"href":"https:\/\/www.depierreetdebeton.ca\/wp001\/wp-json\/wp\/v2\/pages\/2"}],"collection":[{"href":"https:\/\/www.depierreetdebeton.ca\/wp001\/wp-json\/wp\/v2\/pages"}],"about":[{"href":"https:\/\/www.depierreetdebeton.ca\/wp001\/wp-json\/wp\/v2\/types\/page"}],"author":[{"embeddable":true,"href":"https:\/\/www.depierreetdebeton.ca\/wp001\/wp-json\/wp\/v2\/users\/1"}],"replies":[{"embeddable":true,"href":"https:\/\/www.depierreetdebeton.ca\/wp001\/wp-json\/wp\/v2\/comments?post=2"}],"version-history":[{"count":10,"href":"https:\/\/www.depierreetdebeton.ca\/wp001\/wp-json\/wp\/v2\/pages\/2\/revisions"}],"predecessor-version":[{"id":535,"href":"https:\/\/www.depierreetdebeton.ca\/wp001\/wp-json\/wp\/v2\/pages\/2\/revisions\/535"}],"wp:attachment":[{"href":"https:\/\/www.depierreetdebeton.ca\/wp001\/wp-json\/wp\/v2\/media?parent=2"}],"curies":[{"name":"wp","href":"https:\/\/api.w.org\/{rel}","templated":true}]}}